alculate the remainder when 21 is divided by 4/(-2) + 14 - 0.
9
Suppose 0 = -3*u + 5*k + 6, 2*u = 3*u - 4*k - 9. Let t(h) = h - 1. Let c be t(u). Let q(m) = m**2 - 3*m - 5. Calculate the remainder when q(c) is divided by 8.
7
Let s be (1 - (-3)/(-3))*-1. Suppose -2*w - 1 + 23 = s. Calculate the remainder when 21 is divided by w.
10
Let z = 21 + -16. Calculate the remainder when 28 is divided by z.
3
Let o = 0 + 0. Suppose -n - 3*n + 220 = o. Calculate the remainder when n is divided by 4 - -21 - 12/2.
17
Suppose 0 = 4*u - 5*i - 503, -u + 3*i - 357 = -4*u. What is the remainder when u is divided by 41?
40
Let q = 33 + -4. Let p be 5*1/5*-2. Let w = 10 + p. Calculate the remainder when q is divided by w.
5
Let l(x) = x**2 + 4*x + 3. Calculate the remainder when 15 is divided by l(-5).
7
Let h = 46 + -32. Calculate the remainder when 68 is divided by h.
12
Let x be (1 - -1 - 1) + 18. Let o = -11 + x. Calculate the remainder when 21 is divided by o.
5
Let s(w) = 2*w**2 - 5*w - 8. Let l(q) = -q**3 - 3*q**2 + 2*q + 4. What is the remainder when s(6) is divided by l(-4)?
10
Suppose 2*j - 5*h = 173, -290 - 65 = -5*j - 3*h. Let z = -13 - -38. Calculate the remainder when j is divided by z.
24
Suppose 0 = -5*c + 3*c + 44. Let r be 1/(1/c*2). Let d(t) = -t**3 + 10*t**2 + 13*t + 9. What is the remainder when d(r) is divided by 11?
9
Let g = 47 - -104. Let v = g - 82. Suppose 5*d + 3*w - 115 = 0, d + 5*w - v = -2*d. What is the remainder when d is divided by 8?
7
Let u(s) = s + 5. Let m be (1 - -1)/(-2)*1. Let r be ((-8)/(-12))/(m/(-12)). Calculate the remainder when 24 is divided by u(r).
11
Suppose 5 + 16 = 3*g. Let w(c) = -c**2 + 10*c - 8. Calculate the remainder when 25 is divided by w(g).
12
Let n(r) = 2*r + 6. Let v be n(-6). Let p be (-8)/v*(-3)/(-2). Suppose 3*w + 12 = 0, 0*w - 10 = -p*u - w. What is the remainder when 20 is divided by u?
6
Let m(k) be the third derivative of -k**6/120 + k**5/10 + k**4/12 + 5*k**3/6 + 2*k**2. What is the remainder when m(6) is divided by 6?
5
Let j(p) = 2*p. Let k be j(4). Let z = 17 - k. What is the remainder when 7 is divided by 12*((-6)/z - -1)?
3
Let p(m) = -m**2 - m. Let v(a) = a**3 - 2*a**2 - 2*a - 8. Let t(f) = 3*p(f) - v(f). Let b(n) = 6*n + 1. What is the remainder when b(5) is divided by t(0)?
7
Let i = -35 + 48. Calculate the remainder when 25 is divided by i.
12
Let s(n) = 6*n**2. Let o = -76 + 110. Suppose 3*r - o = r. What is the remainder when r is divided by s(-1)?
5
Suppose 0*a + 76 = 4*a. Let j = 8 + -5. Suppose 5*k - j*o - 62 = 0, 4*o = 2*k - 2 - 34. Calculate the remainder when a is divided by k.
9
Let l = -182 - -286. Calculate the remainder when 50 is divided by 4/26 + 1752/l.
16
Suppose 2*k = k + 5. Suppose -5*w = -4*h + 3, 6*h - 5 = 3*h + w. What is the remainder when k is divided by h?
1
Let i(d) = 3*d**2 + 5*d + 6. What is the remainder when 30 is divided by i(-3)?
12
Let g(h) = -16*h. Let f be g(-1). What is the remainder when 6 is divided by (f/(-20))/(1/(-5))?
2
Let w(p) = -p**2 - 9*p - 8. Let k be w(-8). Let c = -14 - k. Let j = 29 + c. Calculate the remainder when 44 is divided by j.
14
Calculate the remainder when (114/(-95))/(4/(-370)) is divided by 28.
27
Let f = 14 - -3. Calculate the remainder when f is divided by 10.
7
Suppose 2 = 3*d - 16. Let v = d - 0. Suppose y - c + v = 3*c, y - 3*c + 2 = 0. Calculate the remainder when y is divided by 4.
2
Let y(l) = 2*l**2 - 3*l + 1. Let m = -41 - -56. Calculate the remainder when y(-3) is divided by m.
13
Suppose -3*c + 4*c + 11 = -5*g, 0 = -3*c - 4*g. Suppose h - 30 + 1 = -2*d, -3*h = c*d - 93. Calculate the remainder when h is divided by 9.
8
Suppose -10 = -2*s - 3*s. Let i be s/10 + (-114)/(-30). Suppose i*f + f = 180. Calculate the remainder when f is divided by 19.
17
Suppose -5 = -d + 20. Suppose 0 = -3*m - 2*g - 4, 4*g = -g - d. Suppose -4*u = 3*a - 12, -u - m + 7 = a. Calculate the remainder when 23 is divided by a.
7
Let j = -40 + 60. Suppose 0*x = 5*x - j. Calculate the remainder when 15 is divided by x.
3
What is the remainder when (-5 + (-38)/(-6))*(17 + 1) is divided by 7?
3
Let d(f) = f**3 - 10*f**2 + 13*f + 3. Let v(j) = 4*j - 3. Let i be v(3). What is the remainder when d(i) is divided by 10?
9
Let k(p) = -p**3 + 5*p**2 + 6*p + 6. Let w(u) = -u**3 + 8*u**2 - 5*u - 5. Let a be w(6). Let y = 54 - a. Calculate the remainder when y is divided by k(6).
5
Let q = 46 - 27. Let d be 1 + 22 + 3 + -1. Suppose -5*i + d = 0, 4*h + 2*i - 24 = 6*i. What is the remainder when q is divided by h?
8
Suppose -2*u + 11 = 1, -5 = -2*v + u. Suppose v = 4*x + 5*g, 4*x - g - 1 = -2. Let k = 11 - x. Calculate the remainder when 21 is divided by k.
10
Suppose 2*w + 2*r + 5 = 3*r, 0 = 4*w + 4*r + 4. Suppose -t + 14 = -5*l - 12, -2*t + 7 = -l. Calculate the remainder when (-2)/(w*1 - 0) is divided by t.
0
Let g(h) = h**3 - 5*h**2 - 2*h + 8. Let q be g(6). Let w = q + -14. Calculate the remainder when w is divided by 5.
3
Let u = -73 - -104. Calculate the remainder when u is divided by ((-11)/(-2))/((-6)/36*-3).
9
Suppose m - 125 + 32 = 0. Calculate the remainder when m is divided by 32.
29
Suppose 0 = -5*r - c - 2, -4*r - 3*c + 5 = -0*r. Let z(j) be the first derivative of j**3 - j + 3. Calculate the remainder when z(r) is divided by 2.
0
Suppose 4*p = 2*n - 6, 2*p + 4*n + 5 = 3*n. What is the remainder when 32 is divided by (-2)/(-1)*(-17)/p?
15
Let k(f) = f**3 - 10*f**2 + 10*f + 2. Let l be k(9). Suppose 0 = x - 2, 37 = c - 3*x + l. Calculate the remainder when c is divided by 17.
15
Let d(g) = 9*g + 4. Suppose -5*u + 4 = -2*t, 0 = 2*t + t - 3*u - 12. Calculate the remainder when d(3) is divided by t.
7
Let b(d) = -45*d**2. Let u be b(-1). Let r = -23 - u. What is the remainder when r is divided by 8?
6
Let g be ((-4)/12)/(1/(-6)). Suppose 0 = s + 4*y - 21 - 18, g*s - y = 33. Calculate the remainder when s is divided by 10.
9
What is the remainder when 178 + (-4)/(-6)*6 is divided by 37?
34
Let i(d) = -d**3 - 5*d**2 + 5*d + 10. Calculate the remainder when 143 is divided by i(-6).
15
Let f(n) = 8*n + 5. What is the remainder when 40 is divided by f(2)?
19
Let s = 51 - 5. Calculate the remainder when 136 is divided by s.
44
Let p(d) = 10*d**2 + d. What is the remainder when 17 is divided by p(1)?
6
Let g(o) = -o**3 - o**2 + o. Let q be g(0). Let a = 11 + q. Suppose a = -k + 2*k. Calculate the remainder when 21 is divided by k.
10
Suppose -4*k - 11 - 9 = -x, 3*x - 94 = -5*k. Let g = -6 + x. Calculate the remainder when 65 is divided by g.
21
Let m(c) = -c**2 + 6*c - 1. Let z be m(3). Let b(t) = -t + 5. Let x be b(z). Let y = 6 + x. Calculate the remainder when 4 is divided by y.
1
Suppose -k = -4*h + 355, 27 = -4*h - k + 384. What is the remainder when h is divided by 23?
20
Suppose -q = 4*q, 2*d + 2*q = -24. Let i = d - -41. Calculate the remainder when i is divided by 10.
9
Let l(a) = -22*a**2 + 5*a + 2. Let j be l(-4). What is the remainder when 75 is divided by j/(-14) + 6/(-14)?
23
Let c = 748 + -343. Suppose -5*b = -c + 120. Calculate the remainder when b is divided by 20.
17
Let u(h) be the third derivative of 3/8*h**4 + 0 + 1/60*h**5 + 0*h + h**2 + 5/3*h**3. What is the remainder when u(-9) is divided by 4?
2
Suppose -4 = -2*x - 3*i, -4*x = -5*x + 4*i + 13. Suppose 3*d - 16 + 1 = -3*v, -2*d + x = 3*v. Let t = -19 + 58. What is the remainder when t is divided by d?
9
Suppose 0 = 3*u + w - 64, u + 2*u - 5*w - 76 = 0. What is the remainder when 84 is divided by u?
18
Calculate the remainder when (-1836)/(-60) - (8/5)/(-4) is divided by 11.
9
Let c(b) = -b**2 - 4*b + 14. Calculate the remainder when 25 is divided by c(-5).
7
Let d = 72 + -46. Suppose -17 = 4*k - 53. What is the remainder when d is divided by k?
8
Let l(v) = v + 1. Let y(f) = -7*f - 4. Let i(h) = 5*l(h) - y(h). What is the remainder when i(4) is divided by 15?
12
Let o = -10 + 17. Suppose 2*s - d = 24 - 0, -2*d = 0. Suppose 10*m = s*m - 38. Calculate the remainder when m is divided by o.
5
Let q(g) = g + 2*g**3 + 4*g**3 - 6*g**2 + g**3 - 6*g**3 + 1. What is the remainder when q(6) is divided by 3?
1
Let i(n) = -36*n**3 - 2*n**2 + 1. Suppose -4*t = 4*g - 68 - 28, -5*g = 4*t - 115. What is the remainder when i(-1) is divided by g?
16
Let a = 2 - 1. Suppose -4*f = 3*k, k = -f -